List the prime factors of 857.
857
List the prime factors of 14354.
2, 7177
List the prime factors of 489.
3, 163
List the prime factors of 10071.
3, 373
List the prime factors of 18310.
2, 5, 1831
List the prime factors of 23996.
2, 7, 857
What are the prime factors of 63398?
2, 31699
List the prime factors of 664.
2, 83
List the prime factors of 1590.
2, 3, 5, 53
List the prime factors of 9232.
2, 577
What are the prime factors of 1219?
23, 53
List the prime factors of 3540.
2, 3, 5, 59
List the prime factors of 106053.
3, 23, 29, 53
What are the prime factors of 4354?
2, 7, 311
List the prime factors of 7837.
17, 461
What are the prime factors of 11794?
2, 5897
List the prime factors of 12087.
3, 17, 79
List the prime factors of 79540.
2, 5, 41, 97
List the prime factors of 27845.
5, 5569
List the prime factors of 33242.
2, 11, 1511
What are the prime factors of 882?
2, 3, 7
What are the prime factors of 1348?
2, 337
List the prime factors of 765.
3, 5, 17
What are the prime factors of 2194?
2, 1097
What are the prime factors of 831?
3, 277
What are the prime factors of 361?
19
What are the prime factors of 942?
2, 3, 157
What are the prime factors of 2334?
2, 3, 389
List the prime factors of 1155.
3, 5, 7, 11
List the prime factors of 41909.
7, 5987
List the prime factors of 7667.
11, 17, 41
List the prime factors of 25967.
23, 1129
List the prime factors of 203.
7, 29
What are the prime factors of 11837?
7, 19, 89
What are the prime factors of 9827?
31, 317
List the prime factors of 63.
3, 7
What are the prime factors of 71511?
3, 11, 197
What are the prime factors of 21192?
2, 3, 883
List the prime factors of 6250.
2, 5
What are the prime factors of 39178?
2, 19, 1031
List the prime factors of 750.
2, 3, 5
List the prime factors of 6101.
6101
What are the prime factors of 4859?
43, 113
What are the prime factors of 286?
2, 11, 13
What are the prime factors of 9603?
3, 11, 97
What are the prime factors of 3962?
2, 7, 283
List the prime factors of 6682.
2, 13, 257
What are the prime factors of 2295?
3, 5, 17
List the prime factors of 6423.
3, 2141
What are the prime factors of 34859?
11, 3169
What are the prime factors of 1428?
2, 3, 7, 17
What are the prime factors of 2126?
2, 1063
What are the prime factors of 112881?
3, 191, 197
List the prime factors of 3367.
7, 13, 37
What are the prime factors of 6629?
7, 947
What are the prime factors of 2625?
3, 5, 7
List the prime factors of 4430.
2, 5, 443
List the prime factors of 31300.
2, 5, 313
What are the prime factors of 106137?
3, 3931
What are the prime factors of 6456?
2, 3, 269
What are the prime factors of 1249?
1249
List the prime factors of 3790.
2, 5, 379
List the prime factors of 1228.
2, 307
List the prime factors of 357.
3, 7, 17
List the prime factors of 17984.
2, 281
List the prime factors of 1032.
2, 3, 43
What are the prime factors of 31616?
2, 13, 19
What are the prime factors of 1725?
3, 5, 23
List the prime factors of 30165.
3, 5, 2011
What are the prime factors of 824?
2, 103
List the prime factors of 933.
3, 311
What are the prime factors of 5428?
2, 23, 59
What are the prime factors of 7351?
7351
What are the prime factors of 1347?
3, 449
What are the prime factors of 61426?
2, 30713
List the prime factors of 3240.
2, 3, 5
List the prime factors of 2137.
2137
What are the prime factors of 9187?
9187
List the prime factors of 10506.
2, 3, 17, 103
What are the prime factors of 4454?
2, 17, 131
What are the prime factors of 1311?
3, 19, 23
List the prime factors of 174.
2, 3, 29
What are the prime factors of 10193?
10193
What are the prime factors of 969?
3, 17, 19
What are the prime factors of 3317?
31, 107
List the prime factors of 28685.
5, 5737
List the prime factors of 885.
3, 5, 59
What are the prime factors of 1621?
1621
What are the prime factors of 668?
2, 167
List the prime factors of 864.
2, 3
List the prime factors of 3883.
11, 353
What are the prime factors of 12942?
2, 3, 719
What are the prime factors of 11974?
2, 5987
What are the prime factors of 1101?
3, 367
List the prime factors of 1951.
1951
What are the prime factors of 21808?
2, 29, 47
List the prime factors of 2676.
2, 3, 223
List the prime factors of 27005.
5, 11, 491
What are the prime factors of 8307?
3, 13, 71
List the prime factors of 16615.
5, 3323
What are the prime factors of 20913?
3, 6971
List the prime factors of 960.
2, 3, 5
What are the prime factors of 18337?
11, 1667
List the prime factors of 158.
2, 79
What are the prime factors of 213?
3, 71
List the prime factors of 819.
3, 7, 13
List the prime factors of 37700.
2, 5, 13, 29
List the prime factors of 2102.
2, 1051
List the prime factors of 2959.
11, 269
What are the prime factors of 2039?
2039
List the prime factors of 80597.
11, 17, 431
What are the prime factors of 7778?
2, 3889
What are the prime factors of 984?
2, 3, 41
What are the prime factors of 4619?
31, 149
What are the prime factors of 10798?
2, 5399
What are the prime factors of 2191?
7, 313
What are the prime factors of 37306?
2, 23, 811
What are the prime factors of 1646?
2, 823
List the prime factors of 17877.
3, 59, 101
List the prime factors of 328.
2, 41
What are the prime factors of 2660?
2, 5, 7, 19
List the prime factors of 1110.
2, 3, 5, 37
List the prime factors of 46357.
151, 307
List the prime factors of 3006.
2, 3, 167
What are the prime factors of 3231?
3, 359
List the prime factors of 1443.
3, 13, 37
What are the prime factors of 1591?
37, 43
List the prime factors of 24220.
2, 5, 7, 173
List the prime factors of 1072.
2, 67
What are the prime factors of 10413?
3, 13, 89
What are the prime factors of 42291?
3, 37, 127
List the prime factors of 6035.
5, 17, 71
What are the prime factors of 77944?
2, 9743
List the prime factors of 27816.
2, 3, 19, 61
What are the prime factors of 16717?
73, 229
What are the prime factors of 52788?
2, 3, 53, 83
List the prime factors of 4006.
2, 2003
List the prime factors of 1380.
2, 3, 5, 23
List the prime factors of 4868.
2, 1217
List the prime factors of 922.
2, 461
List the prime factors of 1465.
5, 293
What are the prime factors of 12730?
2, 5, 19, 67
List the prime factors of 1523.
1523
What are the prime factors of 34025?
5, 1361
List the prime factors of 2580.
2, 3, 5, 43
List the prime factors of 1248.
2, 3, 13
What are the prime factors of 2993?
41, 73
List the prime factors of 33507.
3, 17, 73
What are the prime factors of 8790?
2, 3, 5, 293
List the prime factors of 15157.
23, 659
What are the prime factors of 15941?
19, 839
List the prime factors of 12229.
7, 1747
List the prime factors of 1047.
3, 349
What are the prime factors of 893?
19, 47
List the prime factors of 50190.
2, 3, 5, 7, 239
List the prime factors of 476.
2, 7, 17
What are the prime factors of 7793?
7793
What are the prime factors of 2093?
7, 13, 23
List the prime factors of 1827.
3, 7, 29
List the prime factors of 45119.
45119
What are the prime factors of 3020?
2, 5, 151
What are the prime factors of 182730?
2, 3, 5, 6091
What are the prime factors of 541?
541
List the prime factors of 6896.
2, 431
List the prime factors of 104.
2, 13
List the prime factors of 77184.
2, 3, 67
What are the prime factors of 1636?
2, 409
What are the prime factors of 5181?
3, 11, 157
What are the prime factors of 2477?
2477
List the prime factors of 1336.
2, 167
What are the prime factors of 2352?
2, 3, 7
What are the prime factors of 5?
5
What are the prime factors of 7834?
2, 3917
What are the prime factors of 17086?
2, 8543
What are the prime factors of 19286?
2, 9643
What are the prime factors of 723?
3, 241
List the prime factors of 23992.
2, 2999
What are the prime factors of 500?
2, 5
What are the prime factors of 63043?
23, 2741
What are the prime factors of 1938?
2, 3, 17, 19
List the prime factors of 88.
2, 11
What are the prime factors of 4835?
5, 967
What are the prime factors of 49320?
2, 3, 5, 137
What are the prime factors of 479?
479
What are the prime factors of 1558?
2, 19, 41
What are the prime factors of 4064?
2, 127
What are the prime factors of 119333?
47, 2539
List the prime factors of 5771.
29, 199
List the prime factors of 133268.
2, 33317
List the prime factors of 4796.
2, 11, 109
What are the prime factors of 12109?
12109
List t